{"id":144,"date":"2024-10-29T09:59:51","date_gmt":"2024-10-29T09:59:51","guid":{"rendered":"https:\/\/pasisadinmaki.fi\/?page_id=144"},"modified":"2024-10-29T10:09:54","modified_gmt":"2024-10-29T10:09:54","slug":"edustustehtavat","status":"publish","type":"page","link":"https:\/\/pasisadinmaki.fi\/?page_id=144","title":{"rendered":"Edustusteht\u00e4v\u00e4t"},"content":{"rendered":"\n<p class=\"has-medium-font-size\">Edustusteht\u00e4viin kuuluun Radio ja Tv museon hallituksen paikka (v.2021 l\u00e4htien) t\u00e4m\u00e4 siis kaupungin luottamusteht\u00e4v\u00e4.<br><br>JHL 094 yhdistyksen puheenjohtajana olen toiminut v.2020 l\u00e4htien, SAK paikallisj\u00e4rjest\u00f6n hallituksessa v.2020 l\u00e4htien, luottamusmiehen\u00e4 toimin 2017-2023 ja nyky\u00e4\u00e4n varaty\u00f6suojeluvaltuutettuna omalla ty\u00f6paikallani Sylvia-kodissa jossa olen siis t\u00f6iss\u00e4 y\u00f6hoitajana.<\/p>\n","protected":false},"excerpt":{"rendered":"<p>Edustusteht\u00e4viin kuuluun Radio ja Tv museon hallituksen paikka (v.2021 l\u00e4htien) t\u00e4m\u00e4 siis kaupungin luottamusteht\u00e4v\u00e4. JHL 094 yhdistyksen puheenjohtajana olen toiminut v.2020 l\u00e4htien, SAK paikallisj\u00e4rjest\u00f6n hallituksessa&hellip;<\/p>\n","protected":false},"author":1,"featured_media":0,"parent":0,"menu_order":0,"comment_status":"closed","ping_status":"closed","template":"","meta":{"footnotes":""},"class_list":["post-144","page","type-page","status-publish","hentry"],"_links":{"self":[{"href":"https:\/\/pasisadinmaki.fi\/index.php?rest_route=\/wp\/v2\/pages\/144","targetHints":{"allow":["GET"]}}],"collection":[{"href":"https:\/\/pasisadinmaki.fi\/index.php?rest_route=\/wp\/v2\/pages"}],"about":[{"href":"https:\/\/pasisadinmaki.fi\/index.php?rest_route=\/wp\/v2\/types\/page"}],"author":[{"embeddable":true,"href":"https:\/\/pasisadinmaki.fi\/index.php?rest_route=\/wp\/v2\/users\/1"}],"replies":[{"embeddable":true,"href":"https:\/\/pasisadinmaki.fi\/index.php?rest_route=%2Fwp%2Fv2%2Fcomments&post=144"}],"version-history":[{"count":2,"href":"https:\/\/pasisadinmaki.fi\/index.php?rest_route=\/wp\/v2\/pages\/144\/revisions"}],"predecessor-version":[{"id":151,"href":"https:\/\/pasisadinmaki.fi\/index.php?rest_route=\/wp\/v2\/pages\/144\/revisions\/151"}],"wp:attachment":[{"href":"https:\/\/pasisadinmaki.fi\/index.php?rest_route=%2Fwp%2Fv2%2Fmedia&parent=144"}],"curies":[{"name":"wp","href":"https:\/\/api.w.org\/{rel}","templated":true}]}}